ds digit of 1413?
1
What is the hundreds digit of 2160?
1
What is the units digit of 810?
0
What is the hundreds digit of 10106?
1
What is the tens digit of 4791?
9
What is the hundreds digit of 3080?
0
What is the tens digit of 73492?
9
What is the tens digit of 3523?
2
What is the units digit of 1814?
4
What is the tens digit of 49564?
6
What is the units digit of 1395?
5
What is the tens digit of 1010?
1
What is the thousands digit of 39307?
9
What is the units digit of 44914?
4
What is the thousands digit of 8366?
8
What is the tens digit of 54848?
4
What is the units digit of 134?
4
What is the hundreds digit of 2637?
6
What is the tens digit of 7495?
9
What is the hundreds digit of 2033?
0
What is the hundreds digit of 487?
4
What is the hundreds digit of 5429?
4
What is the tens digit of 11054?
5
What is the tens digit of 6144?
4
What is the thousands digit of 25207?
5
What is the tens digit of 92902?
0
What is the hundreds digit of 4427?
4
What is the units digit of 8610?
0
What is the ten thousands digit of 42566?
4
What is the thousands digit of 2110?
2
What is the hundreds digit of 711?
7
What is the tens digit of 21608?
0
What is the thousands digit of 6173?
6
What is the hundred thousands digit of 160324?
1
What is the ten thousands digit of 90158?
9
What is the tens digit of 9359?
5
What is the units digit of 1061?
1
What is the hundreds digit of 1061?
0
What is the thousands digit of 15690?
5
What is the tens digit of 14179?
7
What is the units digit of 2888?
8
What is the thousands digit of 3142?
3
What is the hundreds digit of 1787?
7
What is the ten thousands digit of 141530?
4
What is the thousands digit of 23806?
3
What is the hundreds digit of 300?
3
What is the tens digit of 108721?
2
What is the hundreds digit of 15954?
9
What is the tens digit of 1076?
7
What is the hundreds digit of 15485?
4
What is the hundreds digit of 14127?
1
What is the units digit of 625?
5
What is the thousands digit of 1592?
1
What is the thousands digit of 76294?
6
What is the thousands digit of 15100?
5
What is the hundreds digit of 3181?
1
What is the units digit of 14555?
5
What is the thousands digit of 14312?
4
What is the units digit of 9150?
0
What is the hundreds digit of 599?
5
What is the hundreds digit of 33852?
8
What is the tens digit of 15632?
3
What is the hundreds digit of 2293?
2
What is the hundreds digit of 4068?
0
What is the tens digit of 6527?
2
What is the thousands digit of 11473?
1
What is the units digit of 656?
6
What is the thousands digit of 12025?
2
What is the tens digit of 15855?
5
What is the units digit of 611?
1
What is the hundreds digit of 509?
5
What is the tens digit of 490?
9
What is the thousands digit of 16335?
6
What is the units digit of 1186?
6
What is the tens digit of 6782?
8
What is the tens digit of 8329?
2
What is the units digit of 7681?
1
What is the tens digit of 545?
4
What is the hundreds digit of 991?
9
What is the units digit of 74216?
6
What is the tens digit of 1567?
6
What is the tens digit of 23444?
4
What is the tens digit of 10115?
1
What is the hundreds digit of 22706?
7
What is the ten thousands digit of 30598?
3
What is the units digit of 38?
8
What is the units digit of 635?
5
What is the units digit of 11475?
5
What is the tens digit of 53553?
5
What is the tens digit of 76408?
0
What is the hundreds digit of 11823?
8
What is the units digit of 3130?
0
What is the tens digit of 658?
5
What is the units digit of 42863?
3
What is the tens digit of 31368?
6
What is the units digit of 6907?
7
What is the tens digit of 1493?
9
What is the tens digit of 5732?
3
What is the tens digit of 3379?
7
What is the tens digit of 6192?
9
What is the tens digit of 686?
8
What is the units digit of 54914?
4
What is the units digit of 27064?
4
What is the units digit of 9416?
6
What is the units digit of 38075?
5
What is the hundreds digit of 10985?
9
What is the tens digit of 5000?
0
What is the thousands digit of 30459?
0
What is the units digit of 21277?
7
What is the hundreds digit of 4584?
5
What is the units digit of 9425?
5
What is the hundreds digit of 961?
9
What is the tens digit of 223?
2
What is the thousands digit of 35159?
5
What is the tens digit of 15044?
4
What is the thousands digit of 3169?
3
What is the units digit of 2200?
0
What is the thousands digit of 1797?
1
What is the tens digit of 3365?
6
What is the hundreds digit of 877?
8
What is the tens digit of 32378?
7
What is the thousands digit of 2977?
2
What is the units digit of 3003?
3
What is the hundreds digit of 93803?
8
What is the units digit of 36772?
2
What is the tens digit of 283?
8
What is the hundreds digit of 461?
4
What is the hundreds digit of 471?
4
What is the units digit of 89?
9
What is the hundreds digit of 25189?
1
What is the units digit of 3433?
3
What is the units digit of 26966?
6
What is the hundreds digit of 777?
7
What is the hundreds digit of 1618?
6
What is the tens digit of 11977?
7
What is the hundreds digit of 579?
5
What is the tens digit of 1542?
4
What is the units digit of 14105?
5
What is the ten thousands digit of 30314?
3
What is the units digit of 45578?
8
What is the units digit of 1477?
7
What is the tens digit of 2112?
1
What is the tens digit of 2979?
7
What is the hundreds digit of 11818?
8
What is the hundreds digit of 1002?
0
What is the units digit of 11305?
5
What is the thousands digit of 1392?
1
What is the thousands digit of 4651?
4
What is the tens digit of 3431?
3
What is the units digit of 61405?
5
What is the thousands digit of 8551?
8
What is the hundreds digit of 111065?
0
What is the thousands digit of 11335?
1
What is the thousands digit of 4491?
4
What is the units digit of 97038?
8
What is the units digit of 9407?
7
What is the thousands digit of 14016?
4
What is the units digit of 16772?
2
What is the thousands digit of 8367?
8
What is the thousands digit of 16818?
6
What is the units digit of 18966?
6
What is the thousands digit of 4502?
4
What is the thousands digit of 8647?
8
What is the hundreds digit of 217?
2
What is the hundreds digit of 20160?
1
What is the hundreds digit of 43991?
9
What is the units digit of 816?
6
What is the hundreds digit of 22218?
2
What is the thousands digit of 18791?
8
What is the units digit of 113035?
5
What is the units digit of 75?
5
What is the tens digit of 1178?
7
What is the hundreds digit of 304?
3
What is the hundreds digit of 14519?
5
What is the thousands digit of 14631?
4
What is the units digit of 3805?
5
What is the tens digit of 2991?
9
What is the hundreds digit of 1856?
8
What is the units digit of 816?
6
What is the tens digit of 9730?
3
What is the hundreds digit of 21029?
0
What is the units digit of 3286?
6
What is the tens digit of 10944?
4
What is the units digit of 125?
5
What is the thousands digit of 9207?
9
What is the tens digit of 15077?
7
What is the ten thousands digit of 37932?
3
What is the thousands digit of 5592?
5
What is the units digit of 2845?
5
What is the units digit of 1034?
4
What is the hundreds digit of 22981?
9
What is the hundreds digit of 1907?
9
What is the hundreds digit of 8723?
7
What is the ten thousands digit of 53223?
5
What is the thousands digit of 18435?
8
What is the tens digit of 4398?
9
What is the thousands digit of 83062?
3
What is the tens digit of 23802?
0
What is the tens digit of 1321?
2
What is the hundreds digit of 186?
1
What is the units digit of 7228?
8
What is the units digit of 6503?
3
What is the units digit of 185526?
6
What is the tens digit of 660?
6
What is the hundreds digit of 680?
6
What is the ten thousands digit of 34976?
3
What is the thousands digit of 31695?
1
What is the units digit of 457?
7
What is the tens digit of 7001?
0
What is the thousands digit of 6902?
6
What is the units digit of 2409?
9
What is the thousands digit of 18459?
8
What is the units digit of 1372?
2
What is the tens digit of 37764?
6
What is the thousands digit of 24385?
4
What is the units digit of 6069?
9
What is the units digit of 560?
0
What is the units digit of 6627?
7
What is the thousands digit of 5429?
5
What is the tens digit of 79571?
7
What is the thousands digit of 3474?
3
What is the hundreds digit of 117430?
4
What is the hundreds digit of 5775?
